Last updated on 2024-05-04 01:48:40 CEST.
Flavor | Version | Tinstall | Tcheck | Ttotal | Status | Flags |
---|---|---|---|---|---|---|
r-devel-linux-x86_64-debian-clang | 1.0.0 | 96.41 | 91.91 | 188.32 | OK | |
r-devel-linux-x86_64-fedora-clang | 1.0.0 | 262.86 | NOTE | |||
r-devel-linux-x86_64-fedora-gcc | 1.0.0 | 259.26 | OK | |||
r-devel-windows-x86_64 | 1.0.0 | 83.00 | 115.00 | 198.00 | OK | |
r-patched-linux-x86_64 | 1.0.0 | 100.47 | 84.60 | 185.07 | OK | |
r-release-linux-x86_64 | 1.0.0 | 99.09 | 87.06 | 186.15 | OK | |
r-release-macos-arm64 | 1.0.0 | 53.00 | NOTE | |||
r-release-windows-x86_64 | 1.0.0 | 81.00 | 116.00 | 197.00 | OK | |
r-oldrel-macos-arm64 | 1.0.0 | 69.00 | NOTE | |||
r-oldrel-macos-x86_64 | 1.0.0 | 106.00 | NOTE | |||
r-oldrel-windows-x86_64 | 1.0.0 | 98.00 | 133.00 | 231.00 | OK |
Version: 1.0.0
Check: Rd cross-references
Result: NOTE
Undeclared package ‘RcppArmadillo’ in Rd xrefs
Flavor: r-devel-linux-x86_64-fedora-clang
Version: 1.0.0
Check: installed package size
Result: NOTE
installed size is 5.8Mb
sub-directories of 1Mb or more:
libs 5.0Mb
Flavors: r-release-macos-arm64, r-oldrel-macos-arm64, r-oldrel-macos-x86_64
These binaries (installable software) and packages are in development.
They may not be fully stable and should be used with caution. We make no claims about them.