Last updated on 2024-05-04 01:48:40 CEST.
Flavor | Version | Tinstall | Tcheck | Ttotal | Status | Flags |
---|---|---|---|---|---|---|
r-devel-linux-x86_64-debian-clang | 0.5.0 | 9.85 | 696.91 | 706.76 | OK | |
r-devel-linux-x86_64-fedora-clang | 0.5.0 | 1279.27 | OK | |||
r-devel-linux-x86_64-fedora-gcc | 0.5.0 | 1124.08 | OK | |||
r-devel-windows-x86_64 | 0.5.0 | 11.00 | 486.00 | 497.00 | OK | |
r-patched-linux-x86_64 | 0.5.0 | 6.80 | 928.86 | 935.66 | OK | |
r-release-linux-x86_64 | 0.5.0 | 6.00 | 948.94 | 954.94 | OK | |
r-release-macos-arm64 | 0.5.0 | 176.00 | NOTE | |||
r-release-macos-x86_64 | 0.5.0 | 501.00 | NOTE | |||
r-release-windows-x86_64 | 0.5.0 | 9.00 | 466.00 | 475.00 | OK | |
r-oldrel-macos-arm64 | 0.5.0 | 188.00 | NOTE | |||
r-oldrel-macos-x86_64 | 0.5.0 | 490.00 | NOTE | |||
r-oldrel-windows-x86_64 | 0.5.0 | 11.00 | 627.00 | 638.00 | OK |
Version: 0.5.0
Check: package dependencies
Result: NOTE
Package suggested but not available for checking: ‘OSAT’
Flavors: r-release-macos-arm64, r-release-macos-x86_64, r-oldrel-macos-arm64, r-oldrel-macos-x86_64
These binaries (installable software) and packages are in development.
They may not be fully stable and should be used with caution. We make no claims about them.