Last updated on 2024-05-04 01:48:40 CEST.
Flavor | Version | Tinstall | Tcheck | Ttotal | Status | Flags |
---|---|---|---|---|---|---|
r-devel-linux-x86_64-debian-clang | 0.3.1 | 5.17 | 37.39 | 42.56 | NOTE | |
r-devel-linux-x86_64-fedora-clang | 0.3.1 | 51.51 | NOTE | |||
r-devel-linux-x86_64-fedora-gcc | 0.3.1 | 60.83 | NOTE | |||
r-devel-windows-x86_64 | 0.3.1 | 6.00 | 57.00 | 63.00 | NOTE | |
r-patched-linux-x86_64 | 0.3.1 | 4.79 | 35.10 | 39.89 | NOTE | |
r-release-linux-x86_64 | 0.3.1 | 4.26 | 35.38 | 39.64 | NOTE | |
r-release-macos-arm64 | 0.3.1 | 26.00 | NOTE | |||
r-release-windows-x86_64 | 0.3.1 | 5.00 | 56.00 | 61.00 | NOTE | |
r-oldrel-macos-arm64 | 0.3.1 | 27.00 | NOTE | |||
r-oldrel-macos-x86_64 | 0.3.1 | 38.00 | NOTE | |||
r-oldrel-windows-x86_64 | 0.3.1 | 6.00 | 56.00 | 62.00 | NOTE |
Version: 0.3.1
Check: LazyData
Result: NOTE
'LazyData' is specified without a 'data' directory
Flavors: r-devel-linux-x86_64-debian-clang, r-devel-linux-x86_64-fedora-clang, r-devel-linux-x86_64-fedora-gcc, r-devel-windows-x86_64, r-patched-linux-x86_64, r-release-linux-x86_64, r-release-macos-arm64, r-release-windows-x86_64, r-oldrel-macos-arm64, r-oldrel-macos-x86_64, r-oldrel-windows-x86_64
Version: 0.3.1
Check: dependencies in R code
Result: NOTE
Namespaces in Imports field not imported from:
‘DT’ ‘utils’
All declared Imports should be used.
Flavors: r-devel-linux-x86_64-fedora-clang, r-devel-linux-x86_64-fedora-gcc
These binaries (installable software) and packages are in development.
They may not be fully stable and should be used with caution. We make no claims about them.