Last updated on 2024-05-04 01:48:41 CEST.
Flavor | Version | Tinstall | Tcheck | Ttotal | Status | Flags |
---|---|---|---|---|---|---|
r-devel-linux-x86_64-debian-clang | 1.0.1 | 0.92 | 2.48 | 3.40 | ERROR | |
r-devel-linux-x86_64-fedora-clang | 1.0.1 | 855.53 | OK | |||
r-devel-linux-x86_64-fedora-gcc | 1.0.1 | 759.15 | OK | |||
r-devel-windows-x86_64 | 1.0.1 | 56.00 | 585.00 | 641.00 | OK | |
r-patched-linux-x86_64 | 1.0.1 | 62.13 | 547.40 | 609.53 | OK | |
r-release-linux-x86_64 | 1.0.1 | 50.03 | 535.56 | 585.59 | OK | |
r-release-macos-arm64 | 1.0.1 | 203.00 | OK | |||
r-release-macos-x86_64 | 1.0.1 | 256.00 | OK | |||
r-release-windows-x86_64 | 1.0.1 | 59.00 | 582.00 | 641.00 | OK | |
r-oldrel-macos-arm64 | 1.0.1 | 175.00 | NOTE | |||
r-oldrel-macos-x86_64 | 1.0.1 | 266.00 | NOTE | |||
r-oldrel-windows-x86_64 | 1.0.1 | 71.00 | 618.00 | 689.00 | OK |
Version: 1.0.1
Check: package dependencies
Result: ERROR
Packages required but not available:
'SingleCellExperiment', 'SummarizedExperiment', 'zinbwave', 'scran',
'scuttle'
See section ‘The DESCRIPTION file’ in the ‘Writing R Extensions’
manual.
Flavor: r-devel-linux-x86_64-debian-clang
Version: 1.0.1
Check: package dependencies
Result: NOTE
Packages suggested but not available for checking: 'rhdf5', 'HDF5Array'
Flavors: r-oldrel-macos-arm64, r-oldrel-macos-x86_64
Version: 1.0.1
Check: Rd cross-references
Result: NOTE
Package unavailable to check Rd xrefs: ‘HDF5Array’
Flavors: r-oldrel-macos-arm64, r-oldrel-macos-x86_64
These binaries (installable software) and packages are in development.
They may not be fully stable and should be used with caution. We make no claims about them.