Last updated on 2025-10-23 21:51:25 CEST.
| Flavor | Version | Tinstall | Tcheck | Ttotal | Status | Flags |
|---|---|---|---|---|---|---|
| r-devel-linux-x86_64-debian-clang | 1.5.1 | 1.54 | 19.17 | 20.71 | NOTE | |
| r-devel-linux-x86_64-debian-gcc | 1.5.1 | 1.44 | 15.95 | 17.39 | NOTE | |
| r-devel-linux-x86_64-fedora-clang | 1.5.1 | 31.36 | OK | |||
| r-devel-linux-x86_64-fedora-gcc | 1.5.1 | 29.30 | OK | |||
| r-devel-windows-x86_64 | 1.5.1 | 3.00 | 34.00 | 37.00 | OK | |
| r-patched-linux-x86_64 | 1.5.1 | 1.64 | 17.89 | 19.53 | OK | |
| r-release-linux-x86_64 | 1.5.1 | 1.60 | 17.93 | 19.53 | OK | |
| r-release-macos-arm64 | 1.5.1 | 1.00 | 14.00 | 15.00 | OK | |
| r-release-macos-x86_64 | 1.5.1 | 2.00 | 19.00 | 21.00 | OK | |
| r-release-windows-x86_64 | 1.5.1 | 4.00 | 38.00 | 42.00 | OK | |
| r-oldrel-macos-arm64 | 1.5.1 | 1.00 | 13.00 | 14.00 | OK | |
| r-oldrel-macos-x86_64 | 1.5.1 | 1.00 | 18.00 | 19.00 | OK | |
| r-oldrel-windows-x86_64 | 1.5.1 | 4.00 | 35.00 | 39.00 | OK |
Version: 1.5.1
Check: CRAN incoming feasibility
Result: NOTE
Maintainer: ‘Mikkel Meyer Andersen <mikl@math.aau.dk>’
No Authors@R field in DESCRIPTION.
Please add one, modifying
Authors@R: c(person(given = c("Mikkel", "Meyer"),
family = "Andersen",
role = c("aut", "cre"),
email = "mikl@math.aau.dk"),
person(given = c("Poul", "Svante"),
family = "Eriksen",
role = "aut"))
as necessary.
Flavors: r-devel-linux-x86_64-debian-clang, r-devel-linux-x86_64-debian-gcc
These binaries (installable software) and packages are in development.
They may not be fully stable and should be used with caution. We make no claims about them.