Last updated on 2024-05-04 01:48:41 CEST.
Flavor | Version | Tinstall | Tcheck | Ttotal | Status | Flags |
---|---|---|---|---|---|---|
r-devel-linux-x86_64-debian-clang | 2.0.6 | 30.77 | 317.40 | 348.17 | NOTE | |
r-devel-linux-x86_64-fedora-clang | 2.0.6 | 422.99 | OK | |||
r-devel-linux-x86_64-fedora-gcc | 2.0.6 | 1408.27 | OK | |||
r-devel-windows-x86_64 | 2.0.6 | 22.00 | 196.00 | 218.00 | OK | |
r-patched-linux-x86_64 | 2.0.6 | 25.01 | 290.99 | 316.00 | NOTE | |
r-release-linux-x86_64 | 2.0.6 | 23.74 | 292.91 | 316.65 | NOTE | |
r-release-macos-arm64 | 2.0.6 | 88.00 | NOTE | |||
r-release-macos-x86_64 | 2.0.6 | 338.00 | NOTE | |||
r-release-windows-x86_64 | 2.0.6 | 23.00 | 194.00 | 217.00 | OK | |
r-oldrel-macos-arm64 | 2.0.6 | 108.00 | NOTE | |||
r-oldrel-macos-x86_64 | 2.0.6 | 347.00 | NOTE | |||
r-oldrel-windows-x86_64 | 2.0.6 | 30.00 | 268.00 | 298.00 | NOTE |
Version: 2.0.6
Check: package dependencies
Result: NOTE
Package which this enhances but not available for checking: ‘INLA’
Flavors: r-devel-linux-x86_64-debian-clang, r-patched-linux-x86_64, r-release-linux-x86_64, r-release-macos-arm64, r-release-macos-x86_64, r-oldrel-macos-arm64, r-oldrel-macos-x86_64, r-oldrel-windows-x86_64
These binaries (installable software) and packages are in development.
They may not be fully stable and should be used with caution. We make no claims about them.