Last updated on 2024-05-04 01:48:41 CEST.
Flavor | Version | Tinstall | Tcheck | Ttotal | Status | Flags |
---|---|---|---|---|---|---|
r-devel-linux-x86_64-debian-clang | 2.2.3 | 3.60 | 35.77 | 39.37 | NOTE | |
r-devel-linux-x86_64-fedora-clang | 2.2.3 | 48.55 | NOTE | |||
r-devel-linux-x86_64-fedora-gcc | 2.2.3 | 45.07 | NOTE | |||
r-devel-windows-x86_64 | 2.2.3 | 4.00 | 54.00 | 58.00 | NOTE | |
r-patched-linux-x86_64 | 2.2.3 | 3.10 | 32.88 | 35.98 | NOTE | |
r-release-linux-x86_64 | 2.2.3 | 2.98 | 33.07 | 36.05 | NOTE | |
r-release-macos-arm64 | 2.2.3 | 18.00 | NOTE | |||
r-release-windows-x86_64 | 2.2.3 | 4.00 | 46.00 | 50.00 | NOTE | |
r-oldrel-macos-arm64 | 2.2.3 | 20.00 | NOTE | |||
r-oldrel-macos-x86_64 | 2.2.3 | 25.00 | NOTE | |||
r-oldrel-windows-x86_64 | 2.2.3 | 4.00 | 49.00 | 53.00 | NOTE |
Version: 2.2.3
Check: LazyData
Result: NOTE
'LazyData' is specified without a 'data' directory
Flavors: r-devel-linux-x86_64-debian-clang, r-devel-linux-x86_64-fedora-clang, r-devel-linux-x86_64-fedora-gcc, r-devel-windows-x86_64, r-patched-linux-x86_64, r-release-linux-x86_64, r-release-macos-arm64, r-release-windows-x86_64, r-oldrel-macos-arm64, r-oldrel-macos-x86_64, r-oldrel-windows-x86_64
These binaries (installable software) and packages are in development.
They may not be fully stable and should be used with caution. We make no claims about them.