Last updated on 2024-05-04 01:48:41 CEST.
Flavor | Version | Tinstall | Tcheck | Ttotal | Status | Flags |
---|---|---|---|---|---|---|
r-devel-linux-x86_64-debian-clang | 0.2.0 | 3.00 | 45.04 | 48.04 | NOTE | |
r-devel-linux-x86_64-fedora-clang | 0.2.0 | 62.48 | NOTE | |||
r-devel-linux-x86_64-fedora-gcc | 0.2.0 | 70.38 | NOTE | |||
r-devel-windows-x86_64 | 0.2.0 | 5.00 | 71.00 | 76.00 | NOTE | |
r-patched-linux-x86_64 | 0.2.0 | 3.27 | 42.48 | 45.75 | NOTE | |
r-release-linux-x86_64 | 0.2.0 | 2.00 | 44.91 | 46.91 | NOTE | |
r-release-macos-arm64 | 0.2.0 | 29.00 | NOTE | |||
r-release-windows-x86_64 | 0.2.0 | 5.00 | 70.00 | 75.00 | NOTE | |
r-oldrel-macos-arm64 | 0.2.0 | 31.00 | NOTE | |||
r-oldrel-macos-x86_64 | 0.2.0 | 37.00 | NOTE | |||
r-oldrel-windows-x86_64 | 0.2.0 | 5.00 | 72.00 | 77.00 | NOTE |
Version: 0.2.0
Check: package subdirectories
Result: NOTE
Problems with news in ‘NEWS.md’:
No news entries found.
Flavors: r-devel-linux-x86_64-debian-clang, r-devel-linux-x86_64-fedora-clang, r-devel-linux-x86_64-fedora-gcc, r-devel-windows-x86_64, r-patched-linux-x86_64, r-release-linux-x86_64, r-release-macos-arm64, r-release-windows-x86_64, r-oldrel-macos-arm64, r-oldrel-macos-x86_64, r-oldrel-windows-x86_64
Version: 0.2.0
Check: Rd files
Result: NOTE
checkRd: (-1) dapply.Rd:27-30: Lost braces
27 | udf <- function(x){
| ^
Flavors: r-devel-linux-x86_64-debian-clang, r-devel-linux-x86_64-fedora-clang, r-devel-linux-x86_64-fedora-gcc, r-devel-windows-x86_64, r-patched-linux-x86_64, r-release-linux-x86_64, r-release-macos-arm64, r-release-windows-x86_64
Version: 0.2.0
Check: dependencies in R code
Result: NOTE
Namespaces in Imports field not imported from:
‘dplyr’ ‘proxy’
All declared Imports should be used.
Flavors: r-devel-linux-x86_64-fedora-clang, r-devel-linux-x86_64-fedora-gcc
These binaries (installable software) and packages are in development.
They may not be fully stable and should be used with caution. We make no claims about them.