Last updated on 2024-05-04 01:48:41 CEST.
Flavor | Version | Tinstall | Tcheck | Ttotal | Status | Flags |
---|---|---|---|---|---|---|
r-devel-linux-x86_64-debian-clang | 2.9.3 | 42.63 | 272.38 | 315.01 | OK | |
r-devel-linux-x86_64-fedora-clang | 2.9.3 | 294.57 | OK | |||
r-devel-linux-x86_64-fedora-gcc | 2.9.3 | 284.92 | OK | |||
r-devel-windows-x86_64 | 2.9.3 | 36.00 | 238.00 | 274.00 | OK | |
r-patched-linux-x86_64 | 2.9.3 | 42.49 | 251.77 | 294.26 | OK | |
r-release-linux-x86_64 | 2.9.3 | 35.17 | 248.92 | 284.09 | OK | |
r-release-macos-arm64 | 2.9.3 | 92.00 | OK | |||
r-release-macos-x86_64 | 2.9.3 | 342.00 | NOTE | |||
r-release-windows-x86_64 | 2.9.3 | 34.00 | 241.00 | 275.00 | OK | |
r-oldrel-macos-arm64 | 2.9.3 | 95.00 | OK | |||
r-oldrel-macos-x86_64 | 2.9.3 | 292.00 | OK | |||
r-oldrel-windows-x86_64 | 2.9.3 | 35.00 | 297.00 | 332.00 | OK |
Version: 2.9.3
Check: package dependencies
Result: NOTE
Packages suggested but not available for checking: 'distrMod', 'ROptEst'
Package which this enhances but not available for checking: ‘RobAStBase’
Flavor: r-release-macos-x86_64
Version: 2.9.3
Check: Rd cross-references
Result: NOTE
Unknown packages ‘distrMod’, ‘RobAStBase’ in Rd xrefs
Flavor: r-release-macos-x86_64
These binaries (installable software) and packages are in development.
They may not be fully stable and should be used with caution. We make no claims about them.