Last updated on 2024-05-04 01:48:41 CEST.
Flavor | Version | Tinstall | Tcheck | Ttotal | Status | Flags |
---|---|---|---|---|---|---|
r-devel-linux-x86_64-debian-clang | 2.9.2 | 25.30 | 113.69 | 138.99 | OK | |
r-devel-linux-x86_64-fedora-clang | 2.9.2 | 184.82 | NOTE | |||
r-devel-linux-x86_64-fedora-gcc | 2.9.2 | 170.48 | OK | |||
r-devel-windows-x86_64 | 2.9.2 | 28.00 | 112.00 | 140.00 | OK | |
r-patched-linux-x86_64 | 2.9.2 | 39.36 | 105.86 | 145.22 | OK | |
r-release-linux-x86_64 | 2.9.2 | 27.35 | 106.60 | 133.95 | OK | |
r-release-macos-arm64 | 2.9.2 | 49.00 | OK | |||
r-release-macos-x86_64 | 2.9.2 | 153.00 | OK | |||
r-release-windows-x86_64 | 2.9.2 | 28.00 | 110.00 | 138.00 | OK | |
r-oldrel-macos-arm64 | 2.9.2 | 60.00 | OK | |||
r-oldrel-macos-x86_64 | 2.9.2 | 142.00 | OK | |||
r-oldrel-windows-x86_64 | 2.9.2 | 30.00 | 133.00 | 163.00 | OK |
Version: 2.9.2
Check: Rd cross-references
Result: NOTE
Undeclared package ‘robustbase’ in Rd xrefs
Flavor: r-devel-linux-x86_64-fedora-clang
These binaries (installable software) and packages are in development.
They may not be fully stable and should be used with caution. We make no claims about them.