Last updated on 2024-05-04 01:48:41 CEST.
Flavor | Version | Tinstall | Tcheck | Ttotal | Status | Flags |
---|---|---|---|---|---|---|
r-devel-linux-x86_64-debian-clang | 0.10-0 | 85.65 | 133.31 | 218.96 | OK | |
r-devel-linux-x86_64-fedora-clang | 0.10-0 | 295.56 | OK | |||
r-devel-linux-x86_64-fedora-gcc | 0.10-0 | 282.89 | OK | |||
r-devel-windows-x86_64 | 0.10-0 | 85.00 | 138.00 | 223.00 | OK | |
r-patched-linux-x86_64 | 0.10-0 | 91.67 | 127.56 | 219.23 | OK | |
r-release-linux-x86_64 | 0.10-0 | 89.48 | 128.13 | 217.61 | OK | |
r-release-macos-arm64 | 0.10-0 | 62.00 | NOTE | |||
r-release-windows-x86_64 | 0.10-0 | 84.00 | 136.00 | 220.00 | OK | |
r-oldrel-macos-arm64 | 0.10-0 | 79.00 | NOTE | |||
r-oldrel-macos-x86_64 | 0.10-0 | 156.00 | NOTE | |||
r-oldrel-windows-x86_64 | 0.10-0 | 103.00 | 173.00 | 276.00 | OK |
Version: 0.10-0
Check: installed package size
Result: NOTE
installed size is 7.9Mb
sub-directories of 1Mb or more:
libs 6.6Mb
Flavors: r-release-macos-arm64, r-oldrel-macos-arm64, r-oldrel-macos-x86_64
These binaries (installable software) and packages are in development.
They may not be fully stable and should be used with caution. We make no claims about them.