Last updated on 2024-05-04 01:48:41 CEST.
Flavor | Version | Tinstall | Tcheck | Ttotal | Status | Flags |
---|---|---|---|---|---|---|
r-devel-linux-x86_64-debian-clang | 0.2.1 | 152.19 | 29.68 | 181.87 | NOTE | |
r-devel-linux-x86_64-fedora-clang | 0.2.1 | 275.07 | NOTE | |||
r-devel-linux-x86_64-fedora-gcc | 0.2.1 | 247.10 | NOTE | |||
r-devel-windows-x86_64 | 0.2.1 | 101.00 | 61.00 | 162.00 | NOTE | |
r-patched-linux-x86_64 | 0.2.1 | 127.40 | 28.42 | 155.82 | NOTE | |
r-release-linux-x86_64 | 0.2.1 | 136.56 | 29.48 | 166.04 | NOTE | |
r-release-macos-arm64 | 0.2.1 | 44.00 | NOTE | |||
r-release-windows-x86_64 | 0.2.1 | 104.00 | 63.00 | 167.00 | NOTE | |
r-oldrel-macos-arm64 | 0.2.1 | 57.00 | NOTE | |||
r-oldrel-macos-x86_64 | 0.2.1 | 96.00 | NOTE | |||
r-oldrel-windows-x86_64 | 0.2.1 | 96.00 | 68.00 | 164.00 | NOTE |
Version: 0.2.1
Check: LazyData
Result: NOTE
'LazyData' is specified without a 'data' directory
Flavors: r-devel-linux-x86_64-debian-clang, r-devel-linux-x86_64-fedora-clang, r-devel-linux-x86_64-fedora-gcc, r-devel-windows-x86_64, r-patched-linux-x86_64, r-release-linux-x86_64, r-release-macos-arm64, r-release-windows-x86_64, r-oldrel-macos-arm64, r-oldrel-macos-x86_64, r-oldrel-windows-x86_64
These binaries (installable software) and packages are in development.
They may not be fully stable and should be used with caution. We make no claims about them.