Last updated on 2024-05-04 01:48:41 CEST.
Flavor | Version | Tinstall | Tcheck | Ttotal | Status | Flags |
---|---|---|---|---|---|---|
r-devel-linux-x86_64-debian-clang | 0.4.0 | 6.77 | 72.25 | 79.02 | NOTE | |
r-devel-linux-x86_64-fedora-clang | 0.4.0 | 94.43 | NOTE | |||
r-devel-linux-x86_64-fedora-gcc | 0.4.0 | 90.48 | NOTE | |||
r-devel-windows-x86_64 | 0.4.0 | 8.00 | 76.00 | 84.00 | NOTE | |
r-patched-linux-x86_64 | 0.4.0 | 6.39 | 72.89 | 79.28 | NOTE | |
r-release-linux-x86_64 | 0.4.0 | 4.60 | 68.56 | 73.16 | NOTE | |
r-release-macos-arm64 | 0.4.0 | 27.00 | NOTE | |||
r-release-windows-x86_64 | 0.4.0 | 7.00 | 71.00 | 78.00 | NOTE | |
r-oldrel-macos-arm64 | 0.4.0 | 30.00 | NOTE | |||
r-oldrel-macos-x86_64 | 0.4.0 | 45.00 | NOTE | |||
r-oldrel-windows-x86_64 | 0.4.0 | 7.00 | 84.00 | 91.00 | NOTE |
Version: 0.4.0
Check: LazyData
Result: NOTE
'LazyData' is specified without a 'data' directory
Flavors: r-devel-linux-x86_64-debian-clang, r-devel-linux-x86_64-fedora-clang, r-devel-linux-x86_64-fedora-gcc, r-devel-windows-x86_64, r-patched-linux-x86_64, r-release-linux-x86_64, r-release-macos-arm64, r-release-windows-x86_64, r-oldrel-macos-arm64, r-oldrel-macos-x86_64, r-oldrel-windows-x86_64
These binaries (installable software) and packages are in development.
They may not be fully stable and should be used with caution. We make no claims about them.