Last updated on 2024-05-04 01:48:41 CEST.
Flavor | Version | Tinstall | Tcheck | Ttotal | Status | Flags |
---|---|---|---|---|---|---|
r-devel-linux-x86_64-debian-clang | 0.5.0 | 8.30 | 100.95 | 109.25 | OK | |
r-devel-linux-x86_64-fedora-clang | 0.5.0 | 137.98 | NOTE | |||
r-devel-linux-x86_64-fedora-gcc | 0.5.0 | 141.15 | NOTE | |||
r-devel-windows-x86_64 | 0.5.0 | 10.00 | 96.00 | 106.00 | OK | |
r-patched-linux-x86_64 | 0.5.0 | 6.78 | 94.50 | 101.28 | OK | |
r-release-linux-x86_64 | 0.5.0 | 6.16 | 97.02 | 103.18 | OK | |
r-release-macos-arm64 | 0.5.0 | 51.00 | OK | |||
r-release-windows-x86_64 | 0.5.0 | 8.00 | 96.00 | 104.00 | OK | |
r-oldrel-macos-arm64 | 0.5.0 | 55.00 | OK | |||
r-oldrel-macos-x86_64 | 0.5.0 | 107.00 | OK | |||
r-oldrel-windows-x86_64 | 0.5.0 | 9.00 | 114.00 | 123.00 | OK |
Version: 0.5.0
Check: data for non-ASCII characters
Result: NOTE
Note: found 3 marked UTF-8 strings
Flavors: r-devel-linux-x86_64-fedora-clang, r-devel-linux-x86_64-fedora-gcc
These binaries (installable software) and packages are in development.
They may not be fully stable and should be used with caution. We make no claims about them.