Last updated on 2024-05-04 01:48:41 CEST.
Flavor | Version | Tinstall | Tcheck | Ttotal | Status | Flags |
---|---|---|---|---|---|---|
r-devel-linux-x86_64-debian-clang | 0.1.0 | 14.80 | 125.80 | 140.60 | NOTE | |
r-devel-linux-x86_64-fedora-clang | 0.1.0 | 176.68 | NOTE | |||
r-devel-linux-x86_64-fedora-gcc | 0.1.0 | 165.68 | NOTE | |||
r-devel-windows-x86_64 | 0.1.0 | 13.00 | 98.00 | 111.00 | NOTE | |
r-patched-linux-x86_64 | 0.1.0 | 13.08 | 118.83 | 131.91 | NOTE | |
r-release-linux-x86_64 | 0.1.0 | 12.92 | 122.72 | 135.64 | NOTE | |
r-release-macos-arm64 | 0.1.0 | 49.00 | NOTE | |||
r-release-windows-x86_64 | 0.1.0 | 12.00 | 96.00 | 108.00 | NOTE | |
r-oldrel-macos-arm64 | 0.1.0 | 52.00 | NOTE | |||
r-oldrel-macos-x86_64 | 0.1.0 | 90.00 | NOTE | |||
r-oldrel-windows-x86_64 | 0.1.0 | 17.00 | 123.00 | 140.00 | NOTE |
Version: 0.1.0
Check: package subdirectories
Result: NOTE
Problems with news in ‘NEWS.md’:
No news entries found.
Flavors: r-devel-linux-x86_64-debian-clang, r-devel-linux-x86_64-fedora-clang, r-devel-linux-x86_64-fedora-gcc, r-devel-windows-x86_64, r-patched-linux-x86_64, r-release-linux-x86_64, r-release-macos-arm64, r-release-windows-x86_64, r-oldrel-macos-arm64, r-oldrel-macos-x86_64, r-oldrel-windows-x86_64
Version: 0.1.0
Check: LazyData
Result: NOTE
'LazyData' is specified without a 'data' directory
Flavors: r-devel-linux-x86_64-debian-clang, r-devel-linux-x86_64-fedora-clang, r-devel-linux-x86_64-fedora-gcc, r-devel-windows-x86_64, r-patched-linux-x86_64, r-release-linux-x86_64, r-release-macos-arm64, r-release-windows-x86_64, r-oldrel-macos-arm64, r-oldrel-macos-x86_64, r-oldrel-windows-x86_64
These binaries (installable software) and packages are in development.
They may not be fully stable and should be used with caution. We make no claims about them.