Last updated on 2024-05-04 01:48:41 CEST.
Flavor | Version | Tinstall | Tcheck | Ttotal | Status | Flags |
---|---|---|---|---|---|---|
r-devel-linux-x86_64-debian-clang | 1.0.2 | 12.64 | 106.44 | 119.08 | NOTE | |
r-devel-linux-x86_64-fedora-clang | 1.0.2 | 152.96 | NOTE | |||
r-devel-linux-x86_64-fedora-gcc | 1.0.2 | 135.73 | NOTE | |||
r-devel-windows-x86_64 | 1.0.2 | 10.00 | 90.00 | 100.00 | NOTE | |
r-patched-linux-x86_64 | 1.0.2 | 11.26 | 97.66 | 108.92 | NOTE | |
r-release-linux-x86_64 | 1.0.2 | 9.04 | 100.42 | 109.46 | NOTE | |
r-release-macos-arm64 | 1.0.2 | 44.00 | NOTE | |||
r-release-windows-x86_64 | 1.0.2 | 9.00 | 90.00 | 99.00 | NOTE | |
r-oldrel-macos-arm64 | 1.0.2 | 46.00 | NOTE | |||
r-oldrel-macos-x86_64 | 1.0.2 | 76.00 | NOTE | |||
r-oldrel-windows-x86_64 | 1.0.2 | 14.00 | 111.00 | 125.00 | NOTE |
Version: 1.0.2
Check: LazyData
Result: NOTE
'LazyData' is specified without a 'data' directory
Flavors: r-devel-linux-x86_64-debian-clang, r-devel-linux-x86_64-fedora-clang, r-devel-linux-x86_64-fedora-gcc, r-devel-windows-x86_64, r-patched-linux-x86_64, r-release-linux-x86_64, r-release-macos-arm64, r-release-windows-x86_64, r-oldrel-macos-arm64, r-oldrel-macos-x86_64, r-oldrel-windows-x86_64
These binaries (installable software) and packages are in development.
They may not be fully stable and should be used with caution. We make no claims about them.