Last updated on 2024-05-04 01:48:41 CEST.
Flavor | Version | Tinstall | Tcheck | Ttotal | Status | Flags |
---|---|---|---|---|---|---|
r-devel-linux-x86_64-debian-clang | 0.3.0 | 73.28 | 565.42 | 638.70 | OK | |
r-devel-linux-x86_64-fedora-clang | 0.3.0 | 809.34 | NOTE | |||
r-devel-linux-x86_64-fedora-gcc | 0.3.0 | 775.10 | NOTE | |||
r-devel-windows-x86_64 | 0.3.0 | 60.00 | 350.00 | 410.00 | OK | |
r-patched-linux-x86_64 | 0.3.0 | 66.47 | 535.77 | 602.24 | OK | |
r-release-linux-x86_64 | 0.3.0 | 75.84 | 506.55 | 582.39 | OK | |
r-release-macos-arm64 | 0.3.0 | 182.00 | OK | |||
r-release-macos-x86_64 | 0.3.0 | 257.00 | OK | |||
r-release-windows-x86_64 | 0.3.0 | 60.00 | 345.00 | 405.00 | OK | |
r-oldrel-macos-arm64 | 0.3.0 | 142.00 | OK | |||
r-oldrel-macos-x86_64 | 0.3.0 | 249.00 | OK | |||
r-oldrel-windows-x86_64 | 0.3.0 | 82.00 | 485.00 | 567.00 | OK |
Version: 0.3.0
Check: data for non-ASCII characters
Result: NOTE
Note: found 74 marked UTF-8 strings
Flavors: r-devel-linux-x86_64-fedora-clang, r-devel-linux-x86_64-fedora-gcc
These binaries (installable software) and packages are in development.
They may not be fully stable and should be used with caution. We make no claims about them.