Last updated on 2024-05-04 01:48:41 CEST.
Flavor | Version | Tinstall | Tcheck | Ttotal | Status | Flags |
---|---|---|---|---|---|---|
r-devel-linux-x86_64-debian-clang | 5.3.3 | 22.63 | 101.93 | 124.56 | OK | |
r-devel-linux-x86_64-fedora-clang | 5.3.3 | 153.32 | NOTE | |||
r-devel-linux-x86_64-fedora-gcc | 5.3.3 | 142.32 | OK | |||
r-devel-windows-x86_64 | 5.3.3 | 22.00 | 84.00 | 106.00 | OK | |
r-patched-linux-x86_64 | 5.3.3 | 25.20 | 95.03 | 120.23 | OK | |
r-release-linux-x86_64 | 5.3.3 | 16.29 | 94.77 | 111.06 | OK | |
r-release-macos-arm64 | 5.3.3 | 39.00 | OK | |||
r-release-macos-x86_64 | 5.3.3 | 103.00 | OK | |||
r-release-windows-x86_64 | 5.3.3 | 23.00 | 85.00 | 108.00 | OK | |
r-oldrel-macos-arm64 | 5.3.3 | 45.00 | OK | |||
r-oldrel-macos-x86_64 | 5.3.3 | 90.00 | OK | |||
r-oldrel-windows-x86_64 | 5.3.3 | 26.00 | 104.00 | 130.00 | OK |
Version: 5.3.3
Check: Rd cross-references
Result: NOTE
Undeclared package ‘leaps’ in Rd xrefs
Flavor: r-devel-linux-x86_64-fedora-clang
These binaries (installable software) and packages are in development.
They may not be fully stable and should be used with caution. We make no claims about them.