Last updated on 2025-10-23 21:51:25 CEST.
Flavor | Version | Tinstall | Tcheck | Ttotal | Status | Flags |
---|---|---|---|---|---|---|
r-devel-linux-x86_64-debian-clang | 1.2.8 | 6.77 | 30.45 | 37.22 | NOTE | |
r-devel-linux-x86_64-debian-gcc | 1.2.8 | 4.79 | 23.22 | 28.01 | NOTE | |
r-devel-linux-x86_64-fedora-clang | 1.2.8 | 16.00 | 40.20 | 56.20 | OK | |
r-devel-linux-x86_64-fedora-gcc | 1.2.8 | 15.00 | 40.31 | 55.31 | OK | |
r-devel-windows-x86_64 | 1.2.8 | 10.00 | 50.00 | 60.00 | OK | |
r-patched-linux-x86_64 | 1.2.8 | 7.01 | 28.90 | 35.91 | OK | |
r-release-linux-x86_64 | 1.2.8 | 7.13 | 28.60 | 35.73 | OK | |
r-release-macos-arm64 | 1.2.8 | 5.00 | 20.00 | 25.00 | OK | |
r-release-macos-x86_64 | 1.2.8 | 10.00 | 27.00 | 37.00 | OK | |
r-release-windows-x86_64 | 1.2.8 | 12.00 | 53.00 | 65.00 | OK | |
r-oldrel-macos-arm64 | 1.2.8 | 4.00 | 16.00 | 20.00 | OK | |
r-oldrel-macos-x86_64 | 1.2.8 | 6.00 | 25.00 | 31.00 | OK | |
r-oldrel-windows-x86_64 | 1.2.8 | 13.00 | 59.00 | 72.00 | OK |
Version: 1.2.8
Check: CRAN incoming feasibility
Result: NOTE
Maintainer: ‘Andrea Rau <andrea.rau@inra.fr>’
No Authors@R field in DESCRIPTION.
Please add one, modifying
Authors@R: person(given = "Andrea",
family = "Rau",
role = c("aut", "cre"),
email = "andrea.rau@inra.fr")
as necessary.
Flavors: r-devel-linux-x86_64-debian-clang, r-devel-linux-x86_64-debian-gcc
These binaries (installable software) and packages are in development.
They may not be fully stable and should be used with caution. We make no claims about them.