Last updated on 2024-05-04 01:48:41 CEST.
Flavor | Version | Tinstall | Tcheck | Ttotal | Status | Flags |
---|---|---|---|---|---|---|
r-devel-linux-x86_64-debian-clang | 0.1.3 | 48.60 | 444.76 | 493.36 | OK | |
r-devel-linux-x86_64-fedora-clang | 0.1.3 | 606.32 | NOTE | |||
r-devel-linux-x86_64-fedora-gcc | 0.1.3 | 576.65 | NOTE | |||
r-devel-windows-x86_64 | 0.1.3 | 38.00 | 282.00 | 320.00 | OK | |
r-patched-linux-x86_64 | 0.1.3 | 32.15 | 414.19 | 446.34 | OK | |
r-release-linux-x86_64 | 0.1.3 | 31.45 | 425.51 | 456.96 | OK | |
r-release-macos-arm64 | 0.1.3 | 147.00 | OK | |||
r-release-windows-x86_64 | 0.1.3 | 39.00 | 278.00 | 317.00 | OK | |
r-oldrel-macos-arm64 | 0.1.3 | 130.00 | OK | |||
r-oldrel-macos-x86_64 | 0.1.3 | 364.00 | OK | |||
r-oldrel-windows-x86_64 | 0.1.3 | 52.00 | 379.00 | 431.00 | OK |
Version: 0.1.3
Check: data for non-ASCII characters
Result: NOTE
Note: found 1281 marked UTF-8 strings
Flavors: r-devel-linux-x86_64-fedora-clang, r-devel-linux-x86_64-fedora-gcc
These binaries (installable software) and packages are in development.
They may not be fully stable and should be used with caution. We make no claims about them.