Last updated on 2024-05-04 01:48:41 CEST.
Flavor | Version | Tinstall | Tcheck | Ttotal | Status | Flags |
---|---|---|---|---|---|---|
r-devel-linux-x86_64-debian-clang | 0.1.8 | 5.70 | 54.44 | 60.14 | OK | |
r-devel-linux-x86_64-fedora-clang | 0.1.8 | 76.90 | NOTE | |||
r-devel-linux-x86_64-fedora-gcc | 0.1.8 | 84.08 | NOTE | |||
r-devel-windows-x86_64 | 0.1.8 | 7.00 | 64.00 | 71.00 | OK | |
r-patched-linux-x86_64 | 0.1.8 | 5.91 | 52.06 | 57.97 | OK | |
r-release-linux-x86_64 | 0.1.8 | 3.92 | 51.47 | 55.39 | OK | |
r-release-macos-arm64 | 0.1.8 | 32.00 | OK | |||
r-release-windows-x86_64 | 0.1.8 | 7.00 | 64.00 | 71.00 | OK | |
r-oldrel-macos-arm64 | 0.1.8 | 41.00 | OK | |||
r-oldrel-macos-x86_64 | 0.1.8 | 57.00 | OK | |||
r-oldrel-windows-x86_64 | 0.1.8 | 8.00 | 70.00 | 78.00 | OK |
Version: 0.1.8
Check: dependencies in R code
Result: NOTE
Namespaces in Imports field not imported from:
‘dplyr’ ‘magrittr’ ‘tibble’
All declared Imports should be used.
Flavors: r-devel-linux-x86_64-fedora-clang, r-devel-linux-x86_64-fedora-gcc
These binaries (installable software) and packages are in development.
They may not be fully stable and should be used with caution. We make no claims about them.