Last updated on 2024-05-04 01:48:41 CEST.
Flavor | Version | Tinstall | Tcheck | Ttotal | Status | Flags |
---|---|---|---|---|---|---|
r-devel-linux-x86_64-debian-clang | 2.9.3 | 10.91 | 81.19 | 92.10 | NOTE | |
r-devel-linux-x86_64-fedora-clang | 2.9.3 | 115.80 | NOTE | |||
r-devel-linux-x86_64-fedora-gcc | 2.9.3 | 121.06 | NOTE | |||
r-devel-windows-x86_64 | 2.9.3 | 11.00 | 97.00 | 108.00 | NOTE | |
r-patched-linux-x86_64 | 2.9.3 | 14.45 | 77.79 | 92.24 | NOTE | |
r-release-linux-x86_64 | 2.9.3 | 10.83 | 76.52 | 87.35 | NOTE | |
r-release-macos-arm64 | 2.9.3 | 36.00 | NOTE | |||
r-release-windows-x86_64 | 2.9.3 | 11.00 | 95.00 | 106.00 | NOTE | |
r-oldrel-macos-arm64 | 2.9.3 | 42.00 | OK | |||
r-oldrel-macos-x86_64 | 2.9.3 | 56.00 | OK | |||
r-oldrel-windows-x86_64 | 2.9.3 | 12.00 | 103.00 | 115.00 | OK |
Version: 2.9.3
Check: Rd files
Result: NOTE
checkRd: (-1) parseMix.Rd:15: Lost braces
15 | list with categorical expression (\code{cat}), which is normalized, a numerical expression (code{nums})
| ^
checkRd: (-1) parseMix.Rd:16: Lost braces
16 | and a negated version of this expression (code{negNums})
| ^
Flavors: r-devel-linux-x86_64-debian-clang, r-devel-linux-x86_64-fedora-clang, r-devel-linux-x86_64-fedora-gcc, r-devel-windows-x86_64, r-patched-linux-x86_64, r-release-linux-x86_64, r-release-macos-arm64, r-release-windows-x86_64
Version: 2.9.3
Check: Rd \usage sections
Result: NOTE
Documented arguments not in \usage in Rd file 'fcf.env.Rd':
‘vars’
Documented arguments not in \usage in Rd file 'getlevels.Rd':
‘editarray’
Documented arguments not in \usage in Rd file 'parseCatEdit.Rd':
‘e’
Functions with \usage entries need to have the appropriate \alias
entries, and all their arguments documented.
The \usage entries must correspond to syntactically valid R code.
See chapter ‘Writing R documentation files’ in the ‘Writing R
Extensions’ manual.
Flavors: r-devel-linux-x86_64-debian-clang, r-devel-linux-x86_64-fedora-clang, r-devel-linux-x86_64-fedora-gcc, r-devel-windows-x86_64, r-patched-linux-x86_64, r-release-linux-x86_64, r-release-macos-arm64, r-release-windows-x86_64
These binaries (installable software) and packages are in development.
They may not be fully stable and should be used with caution. We make no claims about them.