Last updated on 2024-05-04 01:48:41 CEST.
Flavor | Version | Tinstall | Tcheck | Ttotal | Status | Flags |
---|---|---|---|---|---|---|
r-devel-linux-x86_64-debian-clang | 1.2.0 | 89.06 | 90.43 | 179.49 | OK | |
r-devel-linux-x86_64-fedora-clang | 1.2.0 | 226.21 | OK | |||
r-devel-linux-x86_64-fedora-gcc | 1.2.0 | 265.94 | OK | |||
r-devel-windows-x86_64 | 1.2.0 | 74.00 | 99.00 | 173.00 | NOTE | |
r-patched-linux-x86_64 | 1.2.0 | 103.35 | 88.72 | 192.07 | OK | |
r-release-linux-x86_64 | 1.2.0 | 103.24 | 89.23 | 192.47 | OK | |
r-release-macos-arm64 | 1.2.0 | 63.00 | NOTE | |||
r-release-windows-x86_64 | 1.2.0 | 70.00 | 99.00 | 169.00 | NOTE | |
r-oldrel-macos-arm64 | 1.2.0 | 74.00 | NOTE | |||
r-oldrel-macos-x86_64 | 1.2.0 | 111.00 | NOTE | |||
r-oldrel-windows-x86_64 | 1.2.0 | 93.00 | 119.00 | 212.00 | NOTE |
Version: 1.2.0
Check: installed package size
Result: NOTE
installed size is 12.6Mb
sub-directories of 1Mb or more:
libs 12.5Mb
Flavors: r-devel-windows-x86_64, r-release-macos-arm64, r-release-windows-x86_64, r-oldrel-macos-arm64, r-oldrel-macos-x86_64, r-oldrel-windows-x86_64
These binaries (installable software) and packages are in development.
They may not be fully stable and should be used with caution. We make no claims about them.