Last updated on 2024-05-04 01:48:41 CEST.
Flavor | Version | Tinstall | Tcheck | Ttotal | Status | Flags |
---|---|---|---|---|---|---|
r-devel-linux-x86_64-debian-clang | 0.1.0 | 1.86 | 21.25 | 23.11 | NOTE | |
r-devel-linux-x86_64-fedora-clang | 0.1.0 | 29.99 | NOTE | |||
r-devel-linux-x86_64-fedora-gcc | 0.1.0 | 27.31 | NOTE | |||
r-devel-windows-x86_64 | 0.1.0 | 3.00 | 37.00 | 40.00 | NOTE | |
r-patched-linux-x86_64 | 0.1.0 | 2.30 | 20.34 | 22.64 | NOTE | |
r-release-linux-x86_64 | 0.1.0 | 2.05 | 19.96 | 22.01 | NOTE | |
r-release-macos-arm64 | 0.1.0 | 16.00 | NOTE | |||
r-release-windows-x86_64 | 0.1.0 | 2.00 | 37.00 | 39.00 | NOTE | |
r-oldrel-macos-arm64 | 0.1.0 | 15.00 | NOTE | |||
r-oldrel-macos-x86_64 | 0.1.0 | 20.00 | NOTE | |||
r-oldrel-windows-x86_64 | 0.1.0 | 2.00 | 36.00 | 38.00 | NOTE |
Version: 0.1.0
Check: LazyData
Result: NOTE
'LazyData' is specified without a 'data' directory
Flavors: r-devel-linux-x86_64-debian-clang, r-devel-linux-x86_64-fedora-clang, r-devel-linux-x86_64-fedora-gcc, r-devel-windows-x86_64, r-patched-linux-x86_64, r-release-linux-x86_64, r-release-macos-arm64, r-release-windows-x86_64, r-oldrel-macos-arm64, r-oldrel-macos-x86_64, r-oldrel-windows-x86_64
These binaries (installable software) and packages are in development.
They may not be fully stable and should be used with caution. We make no claims about them.