Last updated on 2024-05-04 01:48:41 CEST.
Flavor | Version | Tinstall | Tcheck | Ttotal | Status | Flags |
---|---|---|---|---|---|---|
r-devel-linux-x86_64-debian-clang | 2.4 | 1005.49 | 212.24 | 1217.73 | NOTE | |
r-devel-linux-x86_64-fedora-clang | 2.4 | 1513.27 | NOTE | |||
r-devel-linux-x86_64-fedora-gcc | 2.4 | 2097.95 | NOTE | |||
r-devel-windows-x86_64 | 2.4 | 792.00 | 229.00 | 1021.00 | NOTE | |
r-patched-linux-x86_64 | 2.4 | 0.02 | 2.51 | 2.53 | ERROR | |
r-release-linux-x86_64 | 2.4 | 0.01 | 2.94 | 2.95 | ERROR | |
r-release-macos-arm64 | 2.4 | 370.00 | NOTE | |||
r-release-windows-x86_64 | 2.4 | 783.00 | 239.00 | 1022.00 | NOTE | |
r-oldrel-macos-arm64 | 2.4 | 419.00 | NOTE | |||
r-oldrel-macos-x86_64 | 2.4 | 524.00 | NOTE | |||
r-oldrel-windows-x86_64 | 2.4 | 1004.00 | 299.00 | 1303.00 | NOTE |
Version: 2.4
Check: package dependencies
Result: NOTE
Package suggested but not available for checking: ‘eggCountsExtra’
Flavors: r-devel-linux-x86_64-debian-clang, r-devel-linux-x86_64-fedora-clang, r-devel-linux-x86_64-fedora-gcc, r-devel-windows-x86_64, r-patched-linux-x86_64, r-release-linux-x86_64, r-release-macos-arm64, r-release-windows-x86_64, r-oldrel-macos-arm64, r-oldrel-macos-x86_64, r-oldrel-windows-x86_64
Version: 2.4
Check: for GNU extensions in Makefiles
Result: NOTE
GNU make is a SystemRequirements.
Flavors: r-devel-linux-x86_64-debian-clang, r-devel-linux-x86_64-fedora-clang, r-devel-linux-x86_64-fedora-gcc, r-devel-windows-x86_64, r-release-macos-arm64, r-release-windows-x86_64, r-oldrel-macos-arm64, r-oldrel-macos-x86_64, r-oldrel-windows-x86_64
Version: 2.4
Check: installed package size
Result: NOTE
installed size is 8.7Mb
sub-directories of 1Mb or more:
libs 8.0Mb
Flavors: r-devel-linux-x86_64-fedora-clang, r-devel-windows-x86_64, r-release-macos-arm64, r-release-windows-x86_64, r-oldrel-macos-arm64, r-oldrel-macos-x86_64, r-oldrel-windows-x86_64
Version: 2.4
Check: whether package can be installed
Result: ERROR
Installation failed.
Flavors: r-patched-linux-x86_64, r-release-linux-x86_64
These binaries (installable software) and packages are in development.
They may not be fully stable and should be used with caution. We make no claims about them.