Last updated on 2024-05-04 01:48:41 CEST.
Flavor | Version | Tinstall | Tcheck | Ttotal | Status | Flags |
---|---|---|---|---|---|---|
r-devel-linux-x86_64-debian-clang | 0.5 | 10.63 | 136.24 | 146.87 | OK | |
r-devel-linux-x86_64-fedora-clang | 0.5 | 191.86 | NOTE | |||
r-devel-linux-x86_64-fedora-gcc | 0.5 | 191.60 | OK | |||
r-devel-windows-x86_64 | 0.5 | 13.00 | 119.00 | 132.00 | OK | |
r-patched-linux-x86_64 | 0.5 | 8.29 | 133.52 | 141.81 | OK | |
r-release-linux-x86_64 | 0.5 | 8.07 | 131.94 | 140.01 | OK | |
r-release-macos-arm64 | 0.5 | 60.00 | OK | |||
r-release-windows-x86_64 | 0.5 | 12.00 | 120.00 | 132.00 | OK | |
r-oldrel-macos-arm64 | 0.5 | 68.00 | OK | |||
r-oldrel-macos-x86_64 | 0.5 | 102.00 | NOTE | |||
r-oldrel-windows-x86_64 | 0.5 | 17.00 | 147.00 | 164.00 | OK |
Version: 0.5
Check: Rd cross-references
Result: NOTE
Undeclared package ‘eRm’ in Rd xrefs
Flavor: r-devel-linux-x86_64-fedora-clang
Version: 0.5
Check: Rd cross-references
Result: NOTE
Package unavailable to check Rd xrefs: ‘eRm’
Flavor: r-oldrel-macos-x86_64
These binaries (installable software) and packages are in development.
They may not be fully stable and should be used with caution. We make no claims about them.