Last updated on 2024-05-04 01:48:42 CEST.
Flavor | Version | Tinstall | Tcheck | Ttotal | Status | Flags |
---|---|---|---|---|---|---|
r-devel-linux-x86_64-debian-clang | 3.0.2 | 67.26 | 59.33 | 126.59 | NOTE | |
r-devel-linux-x86_64-fedora-clang | 3.0.2 | 183.79 | NOTE | |||
r-devel-linux-x86_64-fedora-gcc | 3.0.2 | 182.45 | NOTE | |||
r-devel-windows-x86_64 | 3.0.2 | 54.00 | 87.00 | 141.00 | NOTE | |
r-patched-linux-x86_64 | 3.0.2 | 62.48 | 56.17 | 118.65 | NOTE | |
r-release-linux-x86_64 | 3.0.2 | 55.40 | 57.76 | 113.16 | NOTE | |
r-release-macos-arm64 | 3.0.2 | 45.00 | NOTE | |||
r-release-windows-x86_64 | 3.0.2 | 52.00 | 86.00 | 138.00 | NOTE | |
r-oldrel-macos-arm64 | 3.0.2 | 50.00 | OK | |||
r-oldrel-macos-x86_64 | 3.0.2 | 99.00 | OK | |||
r-oldrel-windows-x86_64 | 3.0.2 | 64.00 | 100.00 | 164.00 | OK |
Version: 3.0.2
Check: Rd files
Result: NOTE
checkRd: (-1) elo.run.Rd:80: Lost braces
80 | \code{\link{score}}, \link{elo.run.helpers}{elo.run helpers}, \code{\link{elo.calc}},
| ^
Flavors: r-devel-linux-x86_64-debian-clang, r-devel-linux-x86_64-fedora-clang, r-devel-linux-x86_64-fedora-gcc, r-devel-windows-x86_64, r-patched-linux-x86_64, r-release-linux-x86_64, r-release-macos-arm64, r-release-windows-x86_64
These binaries (installable software) and packages are in development.
They may not be fully stable and should be used with caution. We make no claims about them.