Last updated on 2024-05-04 01:48:42 CEST.
Flavor | Version | Tinstall | Tcheck | Ttotal | Status | Flags |
---|---|---|---|---|---|---|
r-devel-linux-x86_64-debian-clang | 1.1-28 | 37.28 | 331.92 | 369.20 | OK | |
r-devel-linux-x86_64-fedora-clang | 1.1-28 | 454.36 | NOTE | |||
r-devel-linux-x86_64-fedora-gcc | 1.1-28 | 438.67 | NOTE | |||
r-devel-windows-x86_64 | 1.1-28 | 36.00 | 201.00 | 237.00 | OK | |
r-patched-linux-x86_64 | 1.1-28 | 35.87 | 306.13 | 342.00 | OK | |
r-release-linux-x86_64 | 1.1-28 | 36.99 | 307.45 | 344.44 | OK | |
r-release-macos-arm64 | 1.1-28 | 101.00 | OK | |||
r-release-windows-x86_64 | 1.1-28 | 37.00 | 202.00 | 239.00 | OK | |
r-oldrel-macos-arm64 | 1.1-28 | 108.00 | OK | |||
r-oldrel-macos-x86_64 | 1.1-28 | 201.00 | OK | |||
r-oldrel-windows-x86_64 | 1.1-28 | 48.00 | 267.00 | 315.00 | OK |
Version: 1.1-28
Check: compiled code
Result: NOTE
File ‘elsa/libs/elsa.so’:
Found no calls to: ‘R_registerRoutines’, ‘R_useDynamicSymbols’
It is good practice to register native routines and to disable symbol
search.
See ‘Writing portable packages’ in the ‘Writing R Extensions’ manual.
Flavors: r-devel-linux-x86_64-fedora-clang, r-devel-linux-x86_64-fedora-gcc
These binaries (installable software) and packages are in development.
They may not be fully stable and should be used with caution. We make no claims about them.