Last updated on 2024-05-04 01:48:42 CEST.
Flavor | Version | Tinstall | Tcheck | Ttotal | Status | Flags |
---|---|---|---|---|---|---|
r-devel-linux-x86_64-debian-clang | 15.0 | 3.94 | 38.23 | 42.17 | NOTE | |
r-devel-linux-x86_64-fedora-clang | 15.0 | 53.17 | NOTE | |||
r-devel-linux-x86_64-fedora-gcc | 15.0 | 50.66 | NOTE | |||
r-devel-windows-x86_64 | 15.0 | 6.00 | 56.00 | 62.00 | NOTE | |
r-patched-linux-x86_64 | 15.0 | 4.11 | 37.35 | 41.46 | NOTE | |
r-release-linux-x86_64 | 15.0 | 4.03 | 36.85 | 40.88 | NOTE | |
r-release-macos-arm64 | 15.0 | 22.00 | NOTE | |||
r-release-windows-x86_64 | 15.0 | 7.00 | 55.00 | 62.00 | NOTE | |
r-oldrel-macos-arm64 | 15.0 | 21.00 | OK | |||
r-oldrel-macos-x86_64 | 15.0 | 30.00 | OK | |||
r-oldrel-windows-x86_64 | 15.0 | 7.00 | 59.00 | 66.00 | OK |
Version: 15.0
Check: Rd files
Result: NOTE
checkRd: (-1) medal.Rd:21: Lost braces in \itemize; meant \describe ?
checkRd: (-1) medal.Rd:22: Lost braces in \itemize; meant \describe ?
checkRd: (-1) medal.Rd:23: Lost braces in \itemize; meant \describe ?
Flavors: r-devel-linux-x86_64-debian-clang, r-devel-linux-x86_64-fedora-clang, r-devel-linux-x86_64-fedora-gcc, r-devel-windows-x86_64, r-patched-linux-x86_64, r-release-linux-x86_64, r-release-macos-arm64, r-release-windows-x86_64
Version: 15.0
Check: data for non-ASCII characters
Result: NOTE
Note: found 16919 marked UTF-8 strings
Flavors: r-devel-linux-x86_64-fedora-clang, r-devel-linux-x86_64-fedora-gcc
These binaries (installable software) and packages are in development.
They may not be fully stable and should be used with caution. We make no claims about them.