Last updated on 2024-05-04 01:48:42 CEST.
Flavor | Version | Tinstall | Tcheck | Ttotal | Status | Flags |
---|---|---|---|---|---|---|
r-devel-linux-x86_64-debian-clang | 1.3-1 | 12.06 | 124.73 | 136.79 | NOTE | |
r-devel-linux-x86_64-fedora-clang | 1.3-1 | 166.89 | NOTE | |||
r-devel-linux-x86_64-fedora-gcc | 1.3-1 | 157.26 | NOTE | |||
r-devel-windows-x86_64 | 1.3-1 | 14.00 | 108.00 | 122.00 | NOTE | |
r-patched-linux-x86_64 | 1.3-1 | 13.05 | 118.42 | 131.47 | NOTE | |
r-release-linux-x86_64 | 1.3-1 | 12.45 | 114.57 | 127.02 | NOTE | |
r-release-macos-arm64 | 1.3-1 | 44.00 | NOTE | |||
r-release-windows-x86_64 | 1.3-1 | 14.00 | 108.00 | 122.00 | NOTE | |
r-oldrel-macos-arm64 | 1.3-1 | 57.00 | OK | |||
r-oldrel-macos-x86_64 | 1.3-1 | 107.00 | OK | |||
r-oldrel-windows-x86_64 | 1.3-1 | 18.00 | 132.00 | 150.00 | OK |
Version: 1.3-1
Check: Rd files
Result: NOTE
checkRd: (-1) WRegTest.Rd:43: Lost braces
43 | For ordinary least squares estimator, \code{psifun} should be the identity function psifun <- function(t){t}.
| ^
Flavors: r-devel-linux-x86_64-debian-clang, r-devel-linux-x86_64-fedora-clang, r-devel-linux-x86_64-fedora-gcc, r-devel-windows-x86_64, r-patched-linux-x86_64, r-release-linux-x86_64, r-release-macos-arm64, r-release-windows-x86_64
These binaries (installable software) and packages are in development.
They may not be fully stable and should be used with caution. We make no claims about them.