Last updated on 2024-05-04 01:48:42 CEST.
Flavor | Version | Tinstall | Tcheck | Ttotal | Status | Flags |
---|---|---|---|---|---|---|
r-devel-linux-x86_64-debian-clang | 1.1.0 | 11.37 | 115.60 | 126.97 | NOTE | |
r-devel-linux-x86_64-fedora-clang | 1.1.0 | 161.39 | NOTE | |||
r-devel-linux-x86_64-fedora-gcc | 1.1.0 | 148.84 | NOTE | |||
r-devel-windows-x86_64 | 1.1.0 | 15.00 | 93.00 | 108.00 | NOTE | |
r-patched-linux-x86_64 | 1.1.0 | 12.50 | 108.87 | 121.37 | NOTE | |
r-release-linux-x86_64 | 1.1.0 | 17.37 | 106.43 | 123.80 | NOTE | |
r-release-macos-arm64 | 1.1.0 | 46.00 | NOTE | |||
r-release-windows-x86_64 | 1.1.0 | 13.00 | 93.00 | 106.00 | NOTE | |
r-oldrel-macos-arm64 | 1.1.0 | 51.00 | OK | |||
r-oldrel-macos-x86_64 | 1.1.0 | 76.00 | OK | |||
r-oldrel-windows-x86_64 | 1.1.0 | 18.00 | 113.00 | 131.00 | OK |
Version: 1.1.0
Check: Rd files
Result: NOTE
checkRd: (-1) enetLTS-package.Rd:41: Lost braces; missing escapes or markup?
41 | \code{family="binomial"} should be a factor with two levels which is coded as \code{0} and {1}.
| ^
Flavors: r-devel-linux-x86_64-debian-clang, r-devel-linux-x86_64-fedora-clang, r-devel-linux-x86_64-fedora-gcc, r-devel-windows-x86_64, r-patched-linux-x86_64, r-release-linux-x86_64, r-release-macos-arm64, r-release-windows-x86_64
These binaries (installable software) and packages are in development.
They may not be fully stable and should be used with caution. We make no claims about them.