Last updated on 2025-10-25 09:49:29 CEST.
| Flavor | Version | Tinstall | Tcheck | Ttotal | Status | Flags |
|---|---|---|---|---|---|---|
| r-devel-linux-x86_64-debian-clang | 0.5.1 | 38.67 | 175.07 | 213.74 | NOTE | |
| r-devel-linux-x86_64-debian-gcc | 0.5.1 | 24.17 | 110.56 | 134.73 | NOTE | |
| r-devel-linux-x86_64-fedora-clang | 0.5.1 | 106.00 | 244.28 | 350.28 | OK | |
| r-devel-linux-x86_64-fedora-gcc | 0.5.1 | 74.00 | 242.65 | 316.65 | OK | |
| r-devel-windows-x86_64 | 0.5.1 | 35.00 | 148.00 | 183.00 | OK | |
| r-patched-linux-x86_64 | 0.5.1 | 33.25 | 162.78 | 196.03 | OK | |
| r-release-linux-x86_64 | 0.5.1 | 37.09 | 164.18 | 201.27 | OK | |
| r-release-macos-arm64 | 0.5.1 | 12.00 | 49.00 | 61.00 | OK | |
| r-release-macos-x86_64 | 0.5.1 | 33.00 | 116.00 | 149.00 | OK | |
| r-release-windows-x86_64 | 0.5.1 | 37.00 | 147.00 | 184.00 | OK | |
| r-oldrel-macos-arm64 | 0.5.1 | 12.00 | 48.00 | 60.00 | OK | |
| r-oldrel-macos-x86_64 | 0.5.1 | 31.00 | 100.00 | 131.00 | OK | |
| r-oldrel-windows-x86_64 | 0.5.1 | 50.00 | 204.00 | 254.00 | OK |
Version: 0.5.1
Check: CRAN incoming feasibility
Result: NOTE
Maintainer: ‘Andreas Schulz <ades-s@web.de>’
No Authors@R field in DESCRIPTION.
Please add one, modifying
Authors@R: person(given = "Andreas",
family = "Schulz",
role = c("aut", "cre"),
email = "ades-s@web.de")
as necessary.
Flavors: r-devel-linux-x86_64-debian-clang, r-devel-linux-x86_64-debian-gcc
These binaries (installable software) and packages are in development.
They may not be fully stable and should be used with caution. We make no claims about them.