Last updated on 2024-05-04 01:48:42 CEST.
Flavor | Version | Tinstall | Tcheck | Ttotal | Status | Flags |
---|---|---|---|---|---|---|
r-devel-linux-x86_64-debian-clang | 0.1.4 | 13.01 | 120.25 | 133.26 | OK | |
r-devel-linux-x86_64-fedora-clang | 0.1.4 | 167.69 | NOTE | |||
r-devel-linux-x86_64-fedora-gcc | 0.1.4 | 161.35 | OK | |||
r-devel-windows-x86_64 | 0.1.4 | 10.00 | 144.00 | 154.00 | OK | |
r-patched-linux-x86_64 | 0.1.4 | 6.95 | 113.04 | 119.99 | OK | |
r-release-linux-x86_64 | 0.1.4 | 6.59 | 115.70 | 122.29 | OK | |
r-release-macos-arm64 | 0.1.4 | 63.00 | OK | |||
r-release-windows-x86_64 | 0.1.4 | 10.00 | 145.00 | 155.00 | OK | |
r-oldrel-macos-arm64 | 0.1.4 | 58.00 | OK | |||
r-oldrel-macos-x86_64 | 0.1.4 | 159.00 | OK | |||
r-oldrel-windows-x86_64 | 0.1.4 | 14.00 | 172.00 | 186.00 | OK |
Version: 0.1.4
Check: package dependencies
Result: NOTE
Imports includes 21 non-default packages.
Importing from so many packages makes the package vulnerable to any of
them becoming unavailable. Move as many as possible to Suggests and
use conditionally.
Flavor: r-devel-linux-x86_64-fedora-clang
These binaries (installable software) and packages are in development.
They may not be fully stable and should be used with caution. We make no claims about them.