Last updated on 2024-05-04 01:48:42 CEST.
Flavor | Version | Tinstall | Tcheck | Ttotal | Status | Flags |
---|---|---|---|---|---|---|
r-devel-linux-x86_64-debian-clang | 0.2.0 | 10.31 | 75.38 | 85.69 | OK | |
r-devel-linux-x86_64-fedora-clang | 0.2.0 | 107.10 | NOTE | |||
r-devel-linux-x86_64-fedora-gcc | 0.2.0 | 110.21 | OK | |||
r-devel-windows-x86_64 | 0.2.0 | 9.00 | 80.00 | 89.00 | NOTE | |
r-patched-linux-x86_64 | 0.2.0 | 14.23 | 69.67 | 83.90 | OK | |
r-release-linux-x86_64 | 0.2.0 | 5.74 | 71.00 | 76.74 | OK | |
r-release-macos-arm64 | 0.2.0 | 35.00 | NOTE | |||
r-release-windows-x86_64 | 0.2.0 | 8.00 | 80.00 | 88.00 | NOTE | |
r-oldrel-macos-arm64 | 0.2.0 | 46.00 | NOTE | |||
r-oldrel-macos-x86_64 | 0.2.0 | 87.00 | NOTE | |||
r-oldrel-windows-x86_64 | 0.2.0 | 11.00 | 87.00 | 98.00 | NOTE |
Version: 0.2.0
Check: installed package size
Result: NOTE
installed size is 5.6Mb
sub-directories of 1Mb or more:
doc 2.9Mb
help 2.5Mb
Flavors: r-devel-linux-x86_64-fedora-clang, r-devel-windows-x86_64, r-release-macos-arm64, r-release-windows-x86_64, r-oldrel-macos-arm64, r-oldrel-macos-x86_64, r-oldrel-windows-x86_64
These binaries (installable software) and packages are in development.
They may not be fully stable and should be used with caution. We make no claims about them.