CRAN Package Check Results for Package epilogi

Last updated on 2025-10-30 19:53:23 CET.

Flavor Version Tinstall Tcheck Ttotal Status Flags
r-devel-linux-x86_64-debian-clang 1.2 2.26 24.54 26.80 NOTE
r-devel-linux-x86_64-debian-gcc 1.2 1.81 20.03 21.84 NOTE
r-devel-linux-x86_64-fedora-clang 1.2 40.39 NOTE
r-devel-linux-x86_64-fedora-gcc 1.2 40.80 NOTE
r-devel-windows-x86_64 1.2 4.00 43.00 47.00 OK
r-patched-linux-x86_64 1.2 2.32 23.84 26.16 OK
r-release-linux-x86_64 1.2 2.15 23.71 25.86 OK
r-release-macos-arm64 1.2 2.00 17.00 19.00 OK
r-release-macos-x86_64 1.2 3.00 34.00 37.00 OK
r-release-windows-x86_64 1.2 4.00 44.00 48.00 OK
r-oldrel-macos-arm64 1.2 1.00 20.00 21.00 OK
r-oldrel-macos-x86_64 1.2 6.00 53.00 59.00 OK
r-oldrel-windows-x86_64 1.2 5.00 49.00 54.00 OK

Check Details

Version: 1.2
Check: Rd files
Result: NOTE checkRd: (-1) epilogi-package.Rd:11-17: Only 3 columns allowed in this table (row 1 has 2) checkRd: (-1) epilogi-package.Rd:11-17: Only 3 columns allowed in this table (row 2 has 2) checkRd: (-1) epilogi-package.Rd:11-17: Only 3 columns allowed in this table (row 3 has 2) checkRd: (-1) epilogi-package.Rd:11-17: Only 3 columns allowed in this table (row 4 has 2) checkRd: (-1) epilogi-package.Rd:11-17: Only 3 columns allowed in this table (row 5 has 2) Flavors: r-devel-linux-x86_64-debian-clang, r-devel-linux-x86_64-debian-gcc, r-devel-linux-x86_64-fedora-clang, r-devel-linux-x86_64-fedora-gcc

These binaries (installable software) and packages are in development.
They may not be fully stable and should be used with caution. We make no claims about them.