Last updated on 2025-10-23 11:50:12 CEST.
Flavor | Version | Tinstall | Tcheck | Ttotal | Status | Flags |
---|---|---|---|---|---|---|
r-devel-linux-x86_64-debian-clang | 1.1.2 | 49.36 | 130.83 | 180.19 | OK | |
r-devel-linux-x86_64-debian-gcc | 1.1.2 | 34.01 | 96.47 | 130.48 | OK | |
r-devel-linux-x86_64-fedora-clang | 1.1.2 | 279.00 | 51.99 | 330.99 | OK | |
r-devel-linux-x86_64-fedora-gcc | 1.1.2 | 88.00 | 207.66 | 295.66 | OK | |
r-devel-windows-x86_64 | 1.1.2 | 49.00 | 150.00 | 199.00 | OK | |
r-patched-linux-x86_64 | 1.1.2 | 48.38 | 127.47 | 175.85 | OK | |
r-release-linux-x86_64 | 1.1.2 | 41.13 | 127.77 | 168.90 | OK | |
r-release-macos-arm64 | 1.1.2 | 19.00 | 66.00 | 85.00 | OK | |
r-release-macos-x86_64 | 1.1.2 | 29.00 | 130.00 | 159.00 | OK | |
r-release-windows-x86_64 | 1.1.2 | 48.00 | 150.00 | 198.00 | OK | |
r-oldrel-macos-arm64 | 1.1.2 | 18.00 | 73.00 | 91.00 | NOTE | |
r-oldrel-macos-x86_64 | 1.1.2 | 29.00 | 128.00 | 157.00 | OK | |
r-oldrel-windows-x86_64 | 1.1.2 | 60.00 | 196.00 | 256.00 | OK |
Version: 1.1.2
Check: installed package size
Result: NOTE
installed size is 5.3Mb
sub-directories of 1Mb or more:
doc 1.0Mb
libs 4.0Mb
Flavor: r-oldrel-macos-arm64
These binaries (installable software) and packages are in development.
They may not be fully stable and should be used with caution. We make no claims about them.