Last updated on 2024-05-04 01:48:42 CEST.
Flavor | Version | Tinstall | Tcheck | Ttotal | Status | Flags |
---|---|---|---|---|---|---|
r-devel-linux-x86_64-debian-clang | 2.0.1 | 23.21 | 201.50 | 224.71 | OK | |
r-devel-linux-x86_64-fedora-clang | 2.0.1 | 296.24 | OK | |||
r-devel-linux-x86_64-fedora-gcc | 2.0.1 | 300.04 | OK | |||
r-devel-windows-x86_64 | 2.0.1 | 21.00 | 164.00 | 185.00 | OK | |
r-patched-linux-x86_64 | 2.0.1 | 20.80 | 184.85 | 205.65 | OK | |
r-release-linux-x86_64 | 2.0.1 | 16.60 | 187.72 | 204.32 | OK | |
r-release-macos-arm64 | 2.0.1 | 61.00 | NOTE | |||
r-release-windows-x86_64 | 2.0.1 | 20.00 | 162.00 | 182.00 | OK | |
r-oldrel-macos-arm64 | 2.0.1 | 71.00 | NOTE | |||
r-oldrel-macos-x86_64 | 2.0.1 | 112.00 | NOTE | |||
r-oldrel-windows-x86_64 | 2.0.1 | 27.00 | 194.00 | 221.00 | OK |
Version: 2.0.1
Check: package dependencies
Result: NOTE
Package suggested but not available for checking: ‘gcspikelite’
Flavor: r-release-macos-arm64
Version: 2.0.1
Check: package dependencies
Result: NOTE
Packages suggested but not available for checking: 'mzR', 'gcspikelite'
Flavors: r-oldrel-macos-arm64, r-oldrel-macos-x86_64
These binaries (installable software) and packages are in development.
They may not be fully stable and should be used with caution. We make no claims about them.