Last updated on 2024-05-04 01:48:42 CEST.
Flavor | Version | Tinstall | Tcheck | Ttotal | Status | Flags |
---|---|---|---|---|---|---|
r-devel-linux-x86_64-debian-clang | 1.2.1.1 | 2.45 | 29.43 | 31.88 | NOTE | |
r-devel-linux-x86_64-fedora-clang | 1.2.1.1 | 42.20 | NOTE | |||
r-devel-linux-x86_64-fedora-gcc | 1.2.1.1 | 38.79 | NOTE | |||
r-devel-windows-x86_64 | 1.2.1.1 | 3.00 | 45.00 | 48.00 | NOTE | |
r-patched-linux-x86_64 | 1.2.1.1 | 2.84 | 27.71 | 30.55 | NOTE | |
r-release-linux-x86_64 | 1.2.1.1 | 2.23 | 27.70 | 29.93 | NOTE | |
r-release-macos-arm64 | 1.2.1.1 | 18.00 | NOTE | |||
r-release-windows-x86_64 | 1.2.1.1 | 3.00 | 44.00 | 47.00 | NOTE | |
r-oldrel-macos-arm64 | 1.2.1.1 | 22.00 | OK | |||
r-oldrel-macos-x86_64 | 1.2.1.1 | 24.00 | OK | |||
r-oldrel-windows-x86_64 | 1.2.1.1 | 4.00 | 45.00 | 49.00 | OK |
Version: 1.2.1.1
Check: Rd metadata
Result: NOTE
Invalid package aliases in Rd file 'esaBcv_package.Rd':
‘esaBcv_package-package’
Flavors: r-devel-linux-x86_64-debian-clang, r-devel-linux-x86_64-fedora-clang, r-devel-linux-x86_64-fedora-gcc, r-devel-windows-x86_64, r-patched-linux-x86_64, r-release-linux-x86_64, r-release-macos-arm64, r-release-windows-x86_64
These binaries (installable software) and packages are in development.
They may not be fully stable and should be used with caution. We make no claims about them.