CRAN Package Check Results for Package evidenceFactors

Last updated on 2025-10-24 13:49:37 CEST.

Flavor Version Tinstall Tcheck Ttotal Status Flags
r-devel-linux-x86_64-debian-clang 1.8 1.89 29.05 30.94 NOTE
r-devel-linux-x86_64-debian-gcc 1.8 1.43 21.63 23.06 NOTE
r-devel-linux-x86_64-fedora-clang 1.8 48.96 OK
r-devel-linux-x86_64-fedora-gcc 1.8 43.70 OK
r-devel-windows-x86_64 1.8 3.00 45.00 48.00 OK
r-patched-linux-x86_64 1.8 2.05 27.01 29.06 OK
r-release-linux-x86_64 1.8 1.70 27.35 29.05 OK
r-release-macos-arm64 1.8 1.00 16.00 17.00 OK
r-release-macos-x86_64 1.8 2.00 34.00 36.00 OK
r-release-windows-x86_64 1.8 4.00 46.00 50.00 OK
r-oldrel-macos-arm64 1.8 1.00 15.00 16.00 OK
r-oldrel-macos-x86_64 1.8 1.00 28.00 29.00 OK
r-oldrel-windows-x86_64 1.8 3.00 56.00 59.00 OK

Check Details

Version: 1.8
Check: CRAN incoming feasibility
Result: NOTE Maintainer: ‘Bikram Karmakar <bkarmakar@ufl.edu>’ No Authors@R field in DESCRIPTION. Please add one, modifying Authors@R: person(given = "Bikram", family = "Karmakar", role = c("aut", "cre"), email = "bkarmakar@ufl.edu") as necessary. Flavors: r-devel-linux-x86_64-debian-clang, r-devel-linux-x86_64-debian-gcc

These binaries (installable software) and packages are in development.
They may not be fully stable and should be used with caution. We make no claims about them.