Last updated on 2024-05-04 01:48:42 CEST.
Flavor | Version | Tinstall | Tcheck | Ttotal | Status | Flags |
---|---|---|---|---|---|---|
r-devel-linux-x86_64-debian-clang | 0.10.0 | 121.31 | 466.71 | 588.02 | NOTE | |
r-devel-linux-x86_64-fedora-clang | 0.10.0 | 763.64 | NOTE | |||
r-devel-linux-x86_64-fedora-gcc | 0.10.0 | 704.03 | NOTE | |||
r-devel-windows-x86_64 | 0.10.0 | 93.00 | 327.00 | 420.00 | NOTE | |
r-patched-linux-x86_64 | 0.10.0 | 115.17 | 440.60 | 555.77 | NOTE | |
r-release-linux-x86_64 | 0.10.0 | 112.54 | 433.13 | 545.67 | NOTE | |
r-release-macos-arm64 | 0.10.0 | 190.00 | NOTE | |||
r-release-windows-x86_64 | 0.10.0 | 91.00 | 324.00 | 415.00 | NOTE | |
r-oldrel-macos-arm64 | 0.10.0 | 168.00 | NOTE | |||
r-oldrel-macos-x86_64 | 0.10.0 | 530.00 | NOTE | |||
r-oldrel-windows-x86_64 | 0.10.0 | 113.00 | 420.00 | 533.00 | NOTE |
Version: 0.10.0
Check: C++ specification
Result: NOTE
Specified C++14: please drop specification unless essential
Flavors: r-devel-linux-x86_64-debian-clang, r-devel-linux-x86_64-fedora-clang, r-devel-linux-x86_64-fedora-gcc, r-devel-windows-x86_64, r-patched-linux-x86_64, r-release-linux-x86_64, r-release-macos-arm64, r-release-windows-x86_64, r-oldrel-macos-arm64, r-oldrel-macos-x86_64, r-oldrel-windows-x86_64
Version: 0.10.0
Check: installed package size
Result: NOTE
installed size is 7.5Mb
sub-directories of 1Mb or more:
libs 6.6Mb
Flavors: r-release-macos-arm64, r-oldrel-macos-arm64, r-oldrel-macos-x86_64
These binaries (installable software) and packages are in development.
They may not be fully stable and should be used with caution. We make no claims about them.