Last updated on 2024-05-04 01:48:42 CEST.
Flavor | Version | Tinstall | Tcheck | Ttotal | Status | Flags |
---|---|---|---|---|---|---|
r-devel-linux-x86_64-debian-clang | 0.3 | 4.11 | 37.10 | 41.21 | NOTE | |
r-devel-linux-x86_64-fedora-clang | 0.3 | 55.70 | NOTE | |||
r-devel-linux-x86_64-fedora-gcc | 0.3 | 49.84 | NOTE | |||
r-devel-windows-x86_64 | 0.3 | 6.00 | 50.00 | 56.00 | NOTE | |
r-patched-linux-x86_64 | 0.3 | 9.08 | 35.95 | 45.03 | NOTE | |
r-release-linux-x86_64 | 0.3 | 3.36 | 35.33 | 38.69 | NOTE | |
r-release-macos-arm64 | 0.3 | 19.00 | NOTE | |||
r-release-windows-x86_64 | 0.3 | 5.00 | 49.00 | 54.00 | NOTE | |
r-oldrel-macos-arm64 | 0.3 | 22.00 | NOTE | |||
r-oldrel-macos-x86_64 | 0.3 | 27.00 | NOTE | |||
r-oldrel-windows-x86_64 | 0.3 | 7.00 | 52.00 | 59.00 | NOTE |
Version: 0.3
Check: Rd files
Result: NOTE
checkRd: (-1) exams2sakai.Rd:152: Escaped LaTeX specials: \&
Flavors: r-devel-linux-x86_64-debian-clang, r-devel-linux-x86_64-fedora-clang, r-devel-linux-x86_64-fedora-gcc, r-devel-windows-x86_64, r-patched-linux-x86_64, r-release-linux-x86_64, r-release-macos-arm64, r-release-windows-x86_64, r-oldrel-macos-arm64, r-oldrel-macos-x86_64, r-oldrel-windows-x86_64
Version: 0.3
Check: Rd cross-references
Result: NOTE
Undeclared package ‘tth’ in Rd xrefs
Flavor: r-devel-linux-x86_64-fedora-clang
These binaries (installable software) and packages are in development.
They may not be fully stable and should be used with caution. We make no claims about them.