Last updated on 2024-05-04 01:48:42 CEST.
Flavor | Version | Tinstall | Tcheck | Ttotal | Status | Flags |
---|---|---|---|---|---|---|
r-devel-linux-x86_64-debian-clang | 1.0.1 | 47.27 | 83.78 | 131.05 | NOTE | |
r-devel-linux-x86_64-fedora-clang | 1.0.1 | 185.90 | NOTE | |||
r-devel-linux-x86_64-fedora-gcc | 1.0.1 | 181.36 | NOTE | |||
r-devel-windows-x86_64 | 1.0.1 | 43.00 | 102.00 | 145.00 | NOTE | |
r-patched-linux-x86_64 | 1.0.1 | 44.01 | 77.01 | 121.02 | NOTE | |
r-release-linux-x86_64 | 1.0.1 | 35.49 | 79.44 | 114.93 | NOTE | |
r-release-macos-arm64 | 1.0.1 | 52.00 | NOTE | |||
r-release-windows-x86_64 | 1.0.1 | 42.00 | 100.00 | 142.00 | NOTE | |
r-oldrel-macos-arm64 | 1.0.1 | 57.00 | OK | |||
r-oldrel-macos-x86_64 | 1.0.1 | 90.00 | OK | |||
r-oldrel-windows-x86_64 | 1.0.1 | 50.00 | 118.00 | 168.00 | OK |
Version: 1.0.1
Check: Rd files
Result: NOTE
checkRd: (-1) read_edf.Rd:32: Lost braces
32 | code{TRUE}}
| ^
checkRd: (-1) read_edf.Rd:35: Lost braces
35 | code{TRUE}}
| ^
Flavors: r-devel-linux-x86_64-debian-clang, r-devel-linux-x86_64-fedora-clang, r-devel-linux-x86_64-fedora-gcc, r-devel-windows-x86_64, r-patched-linux-x86_64, r-release-linux-x86_64, r-release-macos-arm64, r-release-windows-x86_64
These binaries (installable software) and packages are in development.
They may not be fully stable and should be used with caution. We make no claims about them.