Last updated on 2024-05-04 01:48:42 CEST.
Flavor | Version | Tinstall | Tcheck | Ttotal | Status | Flags |
---|---|---|---|---|---|---|
r-devel-linux-x86_64-debian-clang | 0.1.5 | 8.39 | 66.49 | 74.88 | NOTE | |
r-devel-linux-x86_64-fedora-clang | 0.1.5 | 98.61 | NOTE | |||
r-devel-linux-x86_64-fedora-gcc | 0.1.5 | 89.58 | NOTE | |||
r-devel-windows-x86_64 | 0.1.5 | 10.00 | 67.00 | 77.00 | NOTE | |
r-patched-linux-x86_64 | 0.1.5 | 6.85 | 64.50 | 71.35 | NOTE | |
r-release-linux-x86_64 | 0.1.5 | 7.90 | 64.93 | 72.83 | NOTE | |
r-release-macos-arm64 | 0.1.5 | 30.00 | NOTE | |||
r-release-windows-x86_64 | 0.1.5 | 8.00 | 67.00 | 75.00 | NOTE | |
r-oldrel-macos-arm64 | 0.1.5 | 30.00 | NOTE | |||
r-oldrel-macos-x86_64 | 0.1.5 | 44.00 | NOTE | |||
r-oldrel-windows-x86_64 | 0.1.5 | 11.00 | 77.00 | 88.00 | NOTE |
Version: 0.1.5
Check: LazyData
Result: NOTE
'LazyData' is specified without a 'data' directory
Flavors: r-devel-linux-x86_64-debian-clang, r-devel-linux-x86_64-fedora-clang, r-devel-linux-x86_64-fedora-gcc, r-devel-windows-x86_64, r-patched-linux-x86_64, r-release-linux-x86_64, r-release-macos-arm64, r-release-windows-x86_64, r-oldrel-macos-arm64, r-oldrel-macos-x86_64, r-oldrel-windows-x86_64
These binaries (installable software) and packages are in development.
They may not be fully stable and should be used with caution. We make no claims about them.