CRAN Package Check Results for Package fGarch

Last updated on 2025-10-23 11:50:13 CEST.

Flavor Version Tinstall Tcheck Ttotal Status Flags
r-devel-linux-x86_64-debian-clang 4033.92 13.46 122.43 135.89 NOTE
r-devel-linux-x86_64-debian-gcc 4033.92 9.51 83.34 92.85 OK
r-devel-linux-x86_64-fedora-clang 4033.92 84.00 135.49 219.49 OK
r-devel-linux-x86_64-fedora-gcc 4033.92 31.00 166.67 197.67 OK
r-devel-windows-x86_64 4033.92 18.00 142.00 160.00 OK
r-patched-linux-x86_64 4033.92 15.01 116.89 131.90 OK
r-release-linux-x86_64 4033.92 14.58 116.91 131.49 OK
r-release-macos-arm64 4033.92 10.00 49.00 59.00 OK
r-release-macos-x86_64 4033.92 16.00 106.00 122.00 OK
r-release-windows-x86_64 4033.92 21.00 140.00 161.00 OK
r-oldrel-macos-arm64 4033.92 7.00 42.00 49.00 OK
r-oldrel-macos-x86_64 4033.92 10.00 68.00 78.00 OK
r-oldrel-windows-x86_64 4033.92 23.00 172.00 195.00 OK

Check Details

Version: 4033.92
Check: top-level files
Result: NOTE Found the following validation problem for the NEWS.Rd HTML conversion: NEWS.html:440:1 (inst/NEWS.Rd:331): Warning: missing </ul> before </div> NEWS.html:223:1 (inst/NEWS.Rd:182): Warning: <h4> anchor "NEW-MAINTAINER" already defined NEWS.html:250:1 (inst/NEWS.Rd:198): Warning: <h4> anchor "NEW-MAINTAINER" already defined NEWS.html:283:1 (inst/NEWS.Rd:217): Warning: <h4> anchor "BUG-FIXES" already defined NEWS.html:329:1 (inst/NEWS.Rd:248): Warning: <h4> anchor "Misc" already defined NEWS.html:349:1 (inst/NEWS.Rd:275): Warning: <h4> anchor "Misc" already defined NEWS.html:374:1 (inst/NEWS.Rd:294): Warning: <h4> anchor "Misc" already defined NEWS.html:395:1 (inst/NEWS.Rd:304): Warning: <h4> anchor "Misc" already defined Flavor: r-devel-linux-x86_64-debian-clang

These binaries (installable software) and packages are in development.
They may not be fully stable and should be used with caution. We make no claims about them.