Last updated on 2024-05-04 01:48:43 CEST.
Flavor | Version | Tinstall | Tcheck | Ttotal | Status | Flags |
---|---|---|---|---|---|---|
r-devel-linux-x86_64-debian-clang | 1.3.0 | 22.90 | 57.08 | 79.98 | OK | |
r-devel-linux-x86_64-fedora-clang | 1.3.0 | 110.53 | OK | |||
r-devel-linux-x86_64-fedora-gcc | 1.3.0 | 115.54 | OK | |||
r-devel-windows-x86_64 | 1.3.0 | 18.00 | 83.00 | 101.00 | OK | |
r-patched-linux-x86_64 | 1.3.0 | 24.86 | 52.77 | 77.63 | OK | |
r-release-linux-x86_64 | 1.3.0 | 24.91 | 52.69 | 77.60 | OK | |
r-release-macos-arm64 | 1.3.0 | 11.00 | ERROR | |||
r-release-windows-x86_64 | 1.3.0 | 19.00 | 80.00 | 99.00 | OK | |
r-oldrel-macos-arm64 | 1.3.0 | 42.00 | OK | |||
r-oldrel-macos-x86_64 | 1.3.0 | 115.00 | OK | |||
r-oldrel-windows-x86_64 | 1.3.0 | 19.00 | 94.00 | 113.00 | OK |
Version: 1.3.0
Check: whether package can be installed
Result: ERROR
Installation failed.
Flavor: r-release-macos-arm64
These binaries (installable software) and packages are in development.
They may not be fully stable and should be used with caution. We make no claims about them.