Last updated on 2024-05-04 01:48:43 CEST.
Flavor | Version | Tinstall | Tcheck | Ttotal | Status | Flags |
---|---|---|---|---|---|---|
r-devel-linux-x86_64-debian-clang | 3042.79 | 6.12 | 58.43 | 64.55 | NOTE | |
r-devel-linux-x86_64-fedora-clang | 3042.79 | 81.51 | NOTE | |||
r-devel-linux-x86_64-fedora-gcc | 3042.79 | 75.59 | NOTE | |||
r-devel-windows-x86_64 | 3042.79 | 6.00 | 59.00 | 65.00 | NOTE | |
r-patched-linux-x86_64 | 3042.79 | 4.56 | 55.68 | 60.24 | NOTE | |
r-release-linux-x86_64 | 3042.79 | 6.96 | 56.86 | 63.82 | NOTE | |
r-release-macos-arm64 | 3042.79 | 26.00 | NOTE | |||
r-release-windows-x86_64 | 3042.79 | 6.00 | 65.00 | 71.00 | NOTE | |
r-oldrel-macos-arm64 | 3042.79 | 27.00 | NOTE | |||
r-oldrel-macos-x86_64 | 3042.79 | 38.00 | NOTE | |||
r-oldrel-windows-x86_64 | 3042.79 | 7.00 | 66.00 | 73.00 | NOTE |
Version: 3042.79
Check: LazyData
Result: NOTE
'LazyData' is specified without a 'data' directory
Flavors: r-devel-linux-x86_64-debian-clang, r-devel-linux-x86_64-fedora-clang, r-devel-linux-x86_64-fedora-gcc, r-devel-windows-x86_64, r-patched-linux-x86_64, r-release-linux-x86_64, r-release-macos-arm64, r-release-windows-x86_64, r-oldrel-macos-arm64, r-oldrel-macos-x86_64, r-oldrel-windows-x86_64
These binaries (installable software) and packages are in development.
They may not be fully stable and should be used with caution. We make no claims about them.