Last updated on 2024-05-04 01:48:42 CEST.
Flavor | Version | Tinstall | Tcheck | Ttotal | Status | Flags |
---|---|---|---|---|---|---|
r-devel-linux-x86_64-debian-clang | 0.1.0 | 10.14 | 91.33 | 101.47 | OK | |
r-devel-linux-x86_64-fedora-clang | 0.1.0 | 126.44 | NOTE | |||
r-devel-linux-x86_64-fedora-gcc | 0.1.0 | 120.65 | NOTE | |||
r-devel-windows-x86_64 | 0.1.0 | 9.00 | 81.00 | 90.00 | OK | |
r-patched-linux-x86_64 | 0.1.0 | 6.12 | 85.60 | 91.72 | OK | |
r-release-linux-x86_64 | 0.1.0 | 6.69 | 85.67 | 92.36 | OK | |
r-release-macos-arm64 | 0.1.0 | 35.00 | OK | |||
r-release-macos-x86_64 | 0.1.0 | 129.00 | OK | |||
r-release-windows-x86_64 | 0.1.0 | 9.00 | 82.00 | 91.00 | OK | |
r-oldrel-macos-arm64 | 0.1.0 | 38.00 | OK | |||
r-oldrel-macos-x86_64 | 0.1.0 | 106.00 | OK | |||
r-oldrel-windows-x86_64 | 0.1.0 | 13.00 | 95.00 | 108.00 | OK |
Version: 0.1.0
Check: dependencies in R code
Result: NOTE
Namespace in Imports field not imported from: ‘tsibbledata’
All declared Imports should be used.
Flavors: r-devel-linux-x86_64-fedora-clang, r-devel-linux-x86_64-fedora-gcc
These binaries (installable software) and packages are in development.
They may not be fully stable and should be used with caution. We make no claims about them.