Last updated on 2024-05-04 01:48:42 CEST.
Flavor | Version | Tinstall | Tcheck | Ttotal | Status | Flags |
---|---|---|---|---|---|---|
r-devel-linux-x86_64-debian-clang | 1.0.0 | 6.36 | 124.11 | 130.47 | NOTE | |
r-devel-linux-x86_64-fedora-clang | 1.0.0 | 174.95 | NOTE | |||
r-devel-linux-x86_64-fedora-gcc | 1.0.0 | 183.06 | NOTE | |||
r-devel-windows-x86_64 | 1.0.0 | 8.00 | 123.00 | 131.00 | NOTE | |
r-patched-linux-x86_64 | 1.0.0 | 7.62 | 108.24 | 115.86 | NOTE | |
r-release-linux-x86_64 | 1.0.0 | 5.83 | 118.39 | 124.22 | NOTE | |
r-release-macos-arm64 | 1.0.0 | 51.00 | NOTE | |||
r-release-windows-x86_64 | 1.0.0 | 8.00 | 116.00 | 124.00 | NOTE | |
r-oldrel-macos-arm64 | 1.0.0 | 53.00 | OK | |||
r-oldrel-macos-x86_64 | 1.0.0 | 134.00 | OK | |||
r-oldrel-windows-x86_64 | 1.0.0 | 9.00 | 108.00 | 117.00 | OK |
Version: 1.0.0
Check: Rd files
Result: NOTE
checkRd: (-1) fra_sf.Rd:22: Lost braces; missing escapes or markup?
22 | A map of France as {sf} object. Can be used as dataset or for maps
| ^
Flavors: r-devel-linux-x86_64-debian-clang, r-devel-linux-x86_64-fedora-clang, r-devel-linux-x86_64-fedora-gcc, r-devel-windows-x86_64, r-patched-linux-x86_64, r-release-linux-x86_64, r-release-macos-arm64, r-release-windows-x86_64
Version: 1.0.0
Check: data for non-ASCII characters
Result: NOTE
Note: found 55 marked UTF-8 strings
Flavors: r-devel-linux-x86_64-fedora-clang, r-devel-linux-x86_64-fedora-gcc
These binaries (installable software) and packages are in development.
They may not be fully stable and should be used with caution. We make no claims about them.