Last updated on 2024-05-04 01:48:42 CEST.
Flavor | Version | Tinstall | Tcheck | Ttotal | Status | Flags |
---|---|---|---|---|---|---|
r-devel-linux-x86_64-debian-clang | 1.0.6 | 31.78 | 46.19 | 77.97 | NOTE | |
r-devel-linux-x86_64-fedora-clang | 1.0.6 | 114.17 | NOTE | |||
r-devel-linux-x86_64-fedora-gcc | 1.0.6 | 117.04 | NOTE | |||
r-devel-windows-x86_64 | 1.0.6 | 26.00 | 94.00 | 120.00 | NOTE | |
r-patched-linux-x86_64 | 1.0.6 | 31.99 | 44.62 | 76.61 | NOTE | |
r-release-linux-x86_64 | 1.0.6 | 29.89 | 45.50 | 75.39 | NOTE | |
r-release-macos-arm64 | 1.0.6 | 38.00 | NOTE | |||
r-release-windows-x86_64 | 1.0.6 | 26.00 | 90.00 | 116.00 | NOTE | |
r-oldrel-macos-arm64 | 1.0.6 | 40.00 | NOTE | |||
r-oldrel-macos-x86_64 | 1.0.6 | 63.00 | NOTE | |||
r-oldrel-windows-x86_64 | 1.0.6 | 28.00 | 100.00 | 128.00 | NOTE |
Version: 1.0.6
Check: C++ specification
Result: NOTE
Specified C++11: please drop specification unless essential
Flavors: r-devel-linux-x86_64-debian-clang, r-devel-linux-x86_64-fedora-clang, r-devel-linux-x86_64-fedora-gcc, r-devel-windows-x86_64, r-patched-linux-x86_64, r-release-linux-x86_64, r-release-macos-arm64, r-release-windows-x86_64, r-oldrel-macos-arm64, r-oldrel-macos-x86_64, r-oldrel-windows-x86_64
These binaries (installable software) and packages are in development.
They may not be fully stable and should be used with caution. We make no claims about them.