Last updated on 2024-05-04 01:48:42 CEST.
Flavor | Version | Tinstall | Tcheck | Ttotal | Status | Flags |
---|---|---|---|---|---|---|
r-devel-linux-x86_64-debian-clang | 0.0.3 | 133.41 | 71.10 | 204.51 | NOTE | |
r-devel-linux-x86_64-fedora-clang | 0.0.3 | 280.42 | NOTE | |||
r-devel-linux-x86_64-fedora-gcc | 0.0.3 | 345.63 | NOTE | |||
r-devel-windows-x86_64 | 0.0.3 | 109.00 | 102.00 | 211.00 | NOTE | |
r-patched-linux-x86_64 | 0.0.3 | 159.61 | 72.65 | 232.26 | NOTE | |
r-release-linux-x86_64 | 0.0.3 | 156.22 | 73.44 | 229.66 | NOTE | |
r-release-macos-arm64 | 0.0.3 | 81.00 | NOTE | |||
r-release-windows-x86_64 | 0.0.3 | 106.00 | 102.00 | 208.00 | NOTE | |
r-oldrel-macos-arm64 | 0.0.3 | 103.00 | NOTE | |||
r-oldrel-macos-x86_64 | 0.0.3 | 151.00 | NOTE | |||
r-oldrel-windows-x86_64 | 0.0.3 | 133.00 | 117.00 | 250.00 | NOTE |
Version: 0.0.3
Check: C++ specification
Result: NOTE
Specified C++11: please drop specification unless essential
Flavors: r-devel-linux-x86_64-debian-clang, r-devel-linux-x86_64-fedora-clang, r-devel-linux-x86_64-fedora-gcc, r-devel-windows-x86_64, r-patched-linux-x86_64, r-release-linux-x86_64, r-release-macos-arm64, r-release-windows-x86_64, r-oldrel-macos-arm64, r-oldrel-macos-x86_64, r-oldrel-windows-x86_64
Version: 0.0.3
Check: installed package size
Result: NOTE
installed size is 50.4Mb
sub-directories of 1Mb or more:
libs 50.2Mb
Flavors: r-release-macos-arm64, r-oldrel-macos-arm64, r-oldrel-macos-x86_64
These binaries (installable software) and packages are in development.
They may not be fully stable and should be used with caution. We make no claims about them.